 composite number?
False
Let k = -6643 - -10730. Is k composite?
True
Is 0 + (-19292)/(-6) + 3/(-9) composite?
True
Let v = 5807 - 2846. Suppose 0 = -3*s - 3*u + v, 0 = s + s + u - 1970. Is s composite?
False
Is ((-1193)/2)/(-3 - 5/(-2)) prime?
True
Suppose 485 = -7*g + 4188. Is g composite?
True
Let y(s) = 6*s**2 + 34*s + 101. Is y(-12) a prime number?
True
Let s(i) = 4*i - 37. Let t be s(8). Is (-156)/30 - t - (-4396)/5 a composite number?
True
Let i = 26281 + -11762. Is i prime?
True
Let h(q) = 7*q + 6 + 0*q**2 - 21*q**3 + 0 - q**2. Is h(-5) composite?
True
Suppose -4*c - 765 = -2385. Suppose -c - 486 = -3*z. Suppose -79 = 5*s - 3*m - z, 0 = -3*s + 2*m + 130. Is s a prime number?
False
Suppose -2*q = -5*q + 2*j + 39285, 65477 = 5*q - 4*j. Is q a composite number?
False
Let z = 2 - 3. Let r(w) = -846*w - 3. Is r(z) composite?
True
Let b(g) = 6*g**2 + 14*g - 5. Let x = 61 - 68. Is b(x) a composite number?
False
Let y(h) = 0*h**2 - 4*h**2 + 7*h + 5*h**2 + 11. Let x(q) = -4*q**2 - 39*q + 2. Let m be x(-10). Is y(m) a prime number?
True
Let d(y) = -33*y - 4. Let c be d(-3). Suppose -6 = -3*h + 3, -c = -w - 2*h. Is w a prime number?
True
Let t(j) = -58 + 513*j + 116 - 59. Is t(3) composite?
True
Let c = 3885 + 4276. Is c a composite number?
False
Let h be 13550/20 - 2/4*1. Suppose l - 2*l = -h. Is l a composite number?
False
Suppose 3*z + 3*n - 21 = -0*z, z = -3*n + 17. Suppose -343 = z*i - 3*y - 3020, 4*i = 3*y + 5351. Is i prime?
False
Is (11/(-33))/(2/(-94902)) a prime number?
True
Suppose -21 = -4*d - 9. Suppose t = -d*t + 452. Is t a composite number?
False
Let q(r) = 4*r - 12. Let h be q(5). Suppose 0 = -h*o + 3*o + 170. Is o composite?
True
Let g(c) = 2*c**3 + 3*c**2 - 23*c - 5. Is g(4) composite?
False
Let p be (-2)/(-4)*(7 + -5). Let n(s) = 11*s**2 + s - 1. Let i be n(p). Suppose 0 = 16*d - i*d - 785. Is d prime?
True
Let w(s) = s**2 + 12*s + 13. Is w(28) composite?
True
Let x = 2421 - 1942. Is x a composite number?
False
Suppose 61*y - 737268 = -23*y. Is y a composite number?
True
Suppose -3*c - 6 = -5*c. Let a be (-1)/(9/(-2) - -4). Is ((-25)/c)/(a/(-6)) a composite number?
True
Suppose 2*s - 139 = -5*o, 0 = 8*o - 4*o + 5*s - 101. Let z(y) = 3*y - 25. Is z(o) a composite number?
True
Is (1308 - -4 - -5) + 2 composite?
False
Suppose 165*h = 159*h + 121206. Is h composite?
False
Let o(l) = 6683*l**3 - l**2 + l + 1. Let i be o(1). Suppose -3*f = -9*f + i. Is f composite?
True
Let r = -17 + 83. Let b = -27 + r. Is b a prime number?
False
Let d(w) = -1. Let g(b) = b**3 + 12*b**2 + 4*b - 10. Let k(x) = -5*d(x) + g(x). Is k(-6) composite?
True
Let i(b) = -1396*b - 259. Is i(-8) a prime number?
True
Suppose 14 = h + 6*h. Is h + (3 - 2) - (-1 + -883) a prime number?
True
Is ((-390387)/6)/(310/(-20) + 15) a prime number?
False
Suppose 0*m + m + 7122 = 2*x, x - 2*m - 3561 = 0. Is x a composite number?
True
Suppose -13*p + 14 = -6*p. Suppose 2*k - 2*m = 3306, -p*k + 0*k - 3*m + 3326 = 0. Is k composite?
False
Let l(u) = 2*u**2 + u**2 - 8 - 2*u + 0 + 2. Let x(c) = -c**3 - c**2 - 2*c - 1. Let b be x(-2). Is l(b) composite?
False
Let n(f) = f**2 - 7*f + 17. Let z be n(6). Suppose i + 9530 = z*i. Is i prime?
True
Suppose -48 - 12 = 3*o. Let y = o + 86. Suppose -4*p + y = -118. Is p prime?
False
Let x(q) = 7*q**2 - 1. Let v be x(-2). Let r = v + -27. Suppose 5*w - 3*o = -r + 757, -w = o - 145. Is w a prime number?
True
Is (3/((-3)/(-22937)))/((-3)/(-3)) composite?
False
Let a(k) = -1194*k - 71. Let w be a(-13). Let b = w + -8672. Is b a prime number?
True
Suppose 4*v + 24 = 8*v. Suppose 5*l = -n - 1886, -5 = v*n - n. Let d = l - -562. Is d a composite number?
True
Suppose -r = -1829 - 1766. Is r prime?
False
Let j(z) = 23*z - 17. Suppose 4*y = 5*f - 74, 4*f = -y + 5*y + 56. Is j(f) a prime number?
True
Suppose -8*l = -10538 - 3566. Is l prime?
False
Let g(b) = -b + 19. Let i be g(16). Suppose y + 661 = 3*d + d, i*d = y + 495. Is d a prime number?
False
Let q(y) = 75*y**2 - 8*y - 3. Is q(-4) prime?
True
Let h(t) = 132*t - 1. Let d(a) = -2*a. Let m be d(6). Let p = m - -13. Is h(p) a composite number?
False
Let i be 12/(-8)*(-464)/3. Suppose -3*j - i = -4*n, 3*n = -2*j + 148 + 43. Let d = n + 58. Is d composite?
True
Is (-10699)/(-3) + (-18)/(-27) - 4 a prime number?
False
Let a = 24 - 4. Let v be 18 - a - 9*47. Let r = -178 - v. Is r prime?
False
Let g be 42 + -8 + 6 + -5. Let i(t) = -t + 176. Let s be i(0). Suppose -g = -n + s. Is n prime?
True
Suppose -2*n = -4*n - 4*s - 14, 3*s - 6 = 0. Let w(x) = x**2 - 3*x + 3. Is w(n) a composite number?
False
Let d(b) = -141*b**2 + 1 - b + 141*b**2 - 13*b**3. Let m be d(2). Let f = 152 + m. Is f composite?
False
Let u(w) = 11*w - 16. Let c be u(5). Suppose -c - 30 = -g. Is g composite?
True
Let u(r) = 2 + 13 - 22 - r. Let z be u(6). Let x = 20 + z. Is x a prime number?
True
Let s(h) = -545*h + 2. Let v(d) = -3*d + 2. Let x be (-4)/(-6)*6/4. Let c be v(x). Is s(c) composite?
False
Let z be ((-33)/(-9))/((-1)/(-777)). Is 3 - 1 - z/(-7) composite?
False
Let y(f) = -3*f + 1. Let t be y(3). Let n be 25/2 - (-4)/t. Suppose -8 = -2*r, -p = 5*r - n - 23. Is p composite?
True
Suppose -4*l - 14 = -6*l. Suppose -5*z = -46 - 204. Let t = l + z. Is t prime?
False
Suppose 0 = -2*w + 5*n + 11, -2 + 12 = 2*w - 4*n. Suppose w*p = 5573 - 149. Suppose -i - 3*h + p = 3*i, 0 = -2*i - 2*h + 906. Is i prime?
True
Let z(k) = -2*k**2 - 10*k + 54887. Is z(0) prime?
False
Suppose -5*l + 10*l = h + 14, -4*h = -3*l + 5. Suppose 0 = -2*t - 2*t + l*m + 1944, 0 = 2*t - 4*m - 962. Is t a composite number?
True
Let z(l) = -l**3 - l**2 + 8*l - 1. Let a(u) = -u**2 - 6*u - 10. Let k be a(-6). Let i be -9 + 11 + (k - -1). Is z(i) a prime number?
False
Let m(y) = y**3 + 14*y**2 - 29*y - 19. Is m(-15) composite?
False
Suppose d - 6*d = 5. Let o(k) = -420*k - 1. Is o(d) prime?
True
Let d = 4657 - -852. Is d a composite number?
True
Let z(a) be the first derivative of 5*a**3/3 - 3*a**2/2 + 11*a - 8. Is z(5) prime?
False
Let l = 11979 + -2108. Is l a prime number?
True
Suppose 3*y + 4*o - 223 = -2*y, 0 = 2*y + 3*o - 92. Suppose -y + 18 = -5*n. Suppose 2*k = 21 + n. Is k a prime number?
True
Let l(p) = 4*p - 4*p - 8*p + 41. Is l(-20) a composite number?
True
Suppose 14*n - 1678 = 3222. Let b = -99 + n. Is b composite?
False
Suppose -2287 = -4*g + 5341. Is g composite?
False
Suppose 3*c - 1175 = -2*c. Suppose l + c = 4*u, 2*l = -2*u + u - 425. Let s = -106 - l. Is s composite?
False
Let c(f) = 36*f**2 + 7*f + 3. Let k be c(-5). Suppose -11*a + k = -7*a. Is a composite?
True
Is 428709/45 + (-12)/(-90) composite?
True
Suppose 0 = t - 1507 - 89717. Is t/273 - 2/13 composite?
True
Let s(c) = c**3 + 6*c - 6. Suppose -2*x = 2*x + 4. Let b(d) = -6*d**3 - 1. Let n be b(x). Is s(n) a composite number?
False
Let t(d) = 3*d**2 + d - 1. Let v be t(1). Let f(a) = -7*a - v*a + 2 - 8*a**2 + a**3 + a**2. Is f(9) a composite number?
True
Let n(l) = -1970*l - 97. Is n(-10) a prime number?
True
Is (-2647)/(5 - (-26)/(-5)) a composite number?
True
Suppose 5*s - 29694 = f, -23759 = -4*s - 2*f - f. Is s prime?
True
Is ((-2)/(4/7114))/(-5 - -4) a composite number?
False
Suppose 0 = 4*m, -z + 3*m - 4*m = -2. Is (-211)/((z + 1)/(-3)) composite?
False
Let i(g) = 42*g**2 - 30*g + 11. Is i(-14) a composite number?
False
Suppose -3*c - 19366 = -5*c + 4*g, -2*c - g = -19376. Is c composite?
True
Let k = -20 - -24. Suppose k*d + 3*v - 11741 = 0, -2*d + 5*v = -8278 + 2375. Is d prime?
True
Let m(r) = -3*r**2 + 2*r + 4. Let u be m(-2). Let v be (-21)/u - 5/(-20). Suppose -v*t + 0*x = -x - 23, 3*t - 51 = -4*x. Is t a prime number?
True
Let y(q) = 5*q - 83*q**2 + 106*q**2 + 2*q - 6 + 151*q**2. Let r(x) = 173*x**2 + 6*x - 5. Let u(h) = 5*r(h) - 4*y(h). Is u(2) a prime number?
False
Suppose 40*j = 44*j - 2*x - 24188, 0 = -4*j - 3*x + 24188. Is j a composite number?
False
Let r = 32394 + 66179. Is r prime?
True
Suppose 3*f - 3*w - 3 = 0, -f = 2*f - 5*w + 7. Suppose h + 4*m - 12 = 0, -4*h + m - f = -m. Suppose h = -o - 2, 4*y - 3*o = -4*o + 810. Is y a composite number?
True
Let r = 407 - 238. Is r composite?
True
Suppose -3*l + 58 - 7 = 0. Suppose -5*j = -2*o - 215, 4*j + 5*o = 3*j + 16. Suppose -h + l = -j. Is h a prime number?
False
Suppose -10*c + 34 = -96. Let l(p) = 94*p + 12. Is l(c)